3178.
2, 71941589
List the prime factors of 54434881.
37, 1471213
List the prime factors of 90760327.
7, 53, 244637
List the prime factors of 1962656728.
2, 67, 3661673
What are the prime factors of 1986709660?
2, 5, 13, 107, 71413
List the prime factors of 35194090.
2, 5, 59, 59651
List the prime factors of 234617407.
37, 61, 103951
What are the prime factors of 95504880?
2, 3, 5, 383, 1039
List the prime factors of 38066735.
5, 7, 1087621
List the prime factors of 666562131.
3, 47, 103, 15299
What are the prime factors of 30642708?
2, 3, 2553559
List the prime factors of 454004431.
17, 2083, 12821
What are the prime factors of 823743364?
2, 17, 12113873
List the prime factors of 15816106.
2, 7908053
What are the prime factors of 215713675?
5, 8628547
What are the prime factors of 52523829?
3, 17, 41, 2791
List the prime factors of 204190602.
2, 3, 7, 11, 441971
What are the prime factors of 990021337?
12527, 79031
What are the prime factors of 302990481?
3, 4349, 7741
What are the prime factors of 404319100?
2, 5, 4043191
List the prime factors of 3255355477.
11, 31, 9546497
List the prime factors of 6301348417.
7, 13, 947, 73121
List the prime factors of 811901628.
2, 3, 22552823
List the prime factors of 256610617.
256610617
What are the prime factors of 99259058?
2, 49629529
List the prime factors of 452957764.
2, 7, 2311009
List the prime factors of 1066029881.
7, 251, 606733
What are the prime factors of 1067735949?
3, 7, 17, 29, 151, 683
List the prime factors of 1719369448.
2, 43, 1747, 2861
What are the prime factors of 135927038?
2, 13, 149, 2699
What are the prime factors of 2729444188?
2, 682361047
What are the prime factors of 45740619?
3, 19, 9907
List the prime factors of 2927535067.
19, 154080793
What are the prime factors of 1066517436?
2, 3, 88876453
What are the prime factors of 4038241613?
7, 5081, 113539
What are the prime factors of 48540654?
2, 3, 383, 2347
List the prime factors of 402379881.
3, 449, 298723
List the prime factors of 642981032.
2, 80372629
List the prime factors of 401709254.
2, 109, 1842703
What are the prime factors of 2490898325?
5, 71, 1403323
List the prime factors of 15568212.
2, 3, 11, 59, 1999
List the prime factors of 119671462.
2, 19, 3149249
List the prime factors of 298593456.
2, 3, 7, 79, 1607
List the prime factors of 59651965.
5, 43, 107, 2593
List the prime factors of 2866201465.
5, 23, 317, 78623
List the prime factors of 1035898420.
2, 5, 101, 512821
What are the prime factors of 375911434?
2, 187955717
List the prime factors of 130062563.
17, 7650739
List the prime factors of 221867939.
163, 1361153
What are the prime factors of 151946130?
2, 3, 5, 7, 723553
What are the prime factors of 15894949?
7, 17, 133571
List the prime factors of 47746535.
5, 9549307
What are the prime factors of 237297299?
41, 5787739
List the prime factors of 507747930.
2, 3, 5, 311, 54421
List the prime factors of 56728965.
3, 5, 19, 199049
What are the prime factors of 2748019153?
11, 19, 571, 23027
List the prime factors of 36506097.
3, 43, 94331
What are the prime factors of 546447339?
3, 37, 227, 7229
List the prime factors of 481321011.
3, 160440337
What are the prime factors of 296103406?
2, 148051703
What are the prime factors of 873656431?
491, 1779341
What are the prime factors of 171830283?
3, 373, 153557
List the prime factors of 17564164.
2, 4391041
List the prime factors of 2408105396.
2, 89, 6764341
List the prime factors of 1525316350.
2, 5, 30506327
What are the prime factors of 154661158?
2, 73, 1059323
List the prime factors of 29028604.
2, 11, 659741
What are the prime factors of 108852907?
108852907
What are the prime factors of 1402908912?
2, 3, 929, 10487
What are the prime factors of 3157743885?
3, 5, 3347, 62897
List the prime factors of 41671775.
5, 1666871
What are the prime factors of 285413504?
2, 2229793
What are the prime factors of 1271943349?
17, 74820197
List the prime factors of 18931399.
18931399
What are the prime factors of 232919957?
31, 7513547
What are the prime factors of 2456952835?
5, 1483, 331349
What are the prime factors of 6490388072?
2, 7, 115899787
What are the prime factors of 278557144?
2, 34819643
List the prime factors of 91383347.
11, 17, 23, 21247
List the prime factors of 7470790610.
2, 5, 11399, 65539
List the prime factors of 1179262363.
2341, 503743
List the prime factors of 131012145.
3, 5, 11, 24061
What are the prime factors of 1904181147?
3, 11, 19234153
List the prime factors of 230708544.
2, 3, 11, 313, 349
What are the prime factors of 316594311?
3, 11, 37, 383, 677
List the prime factors of 584472998.
2, 59, 257, 19273
What are the prime factors of 31645271?
7, 4520753
List the prime factors of 309302723.
47, 523, 12583
What are the prime factors of 63371763?
3, 7, 13, 77377
What are the prime factors of 74131369?
13, 19, 23, 13049
What are the prime factors of 786978248?
2, 7, 67, 349, 601
List the prime factors of 1313209875.
3, 5, 541, 6473
What are the prime factors of 142000720?
2, 5, 1775009
List the prime factors of 1181495624.
2, 147686953
What are the prime factors of 2695067734?
2, 23, 2547323
List the prime factors of 25282527.
3, 41, 205549
What are the prime factors of 1339988809?
23, 179, 325477
List the prime factors of 57164518.
2, 28582259
List the prime factors of 158121085.
5, 31624217
List the prime factors of 279566457.
3, 8849, 10531
List the prime factors of 63666313.
967, 65839
What are the prime factors of 458104244?
2, 13, 311, 2179
What are the prime factors of 52587369?
3, 5843041
List the prime factors of 19631926.
2, 23, 71, 6011
What are the prime factors of 767480963?
17, 45145939
List the prime factors of 69620098.
2, 34810049
List the prime factors of 23342716.
2, 19, 101, 3041
List the prime factors of 153534527.
3691, 41597
List the prime factors of 61173152.
2, 1911661
What are the prime factors of 924617457?
3, 23, 37, 40241
List the prime factors of 1846054697.
1846054697
What are the prime factors of 3223251880?
2, 5, 83, 970859
What are the prime factors of 1841621800?
2, 5, 29, 10949
What are the prime factors of 1703719900?
2, 5, 17037199
What are the prime factors of 119639574?
2, 3, 17, 37, 10567
List the prime factors of 11515880.
2, 5, 31, 37, 251
List the prime factors of 707562432.
2, 3, 19, 23, 937
List the prime factors of 299474761.
15761, 19001
List the prime factors of 227823275.
5, 29, 314239
List the prime factors of 2418149534.
2, 283, 4272349
What are the prime factors of 936343364?
2, 11, 197, 108023
List the prime factors of 6231771699.
3, 107, 19413619
What are the prime factors of 82742788?
2, 20685697
What are the prime factors of 1498784567?
7, 37, 5786813
List the prime factors of 92320597.
23, 4013939
What are the prime factors of 2622405687?
3, 11, 79466839
List the prime factors of 77181767.
13, 23, 293, 881
What are the prime factors of 367853023?
29, 59, 214993
What are the prime factors of 7736012?
2, 47, 41149
What are the prime factors of 988174667?
19, 52009193
What are the prime factors of 321677567?
321677567
List the prime factors of 603978144.
2, 3, 7, 11, 81707
List the prime factors of 313021793.
7, 359, 124561
What are the prime factors of 2802514730?
2, 5, 79, 977, 3631
What are the prime factors of 38663652?
2, 3, 3221971
What are the prime factors of 31844629?
173, 184073
List the prime factors of 58990224.
2, 3, 1228963
What are the prime factors of 971372541?
3, 323790847
List the prime factors of 6063321115.
5, 1212664223
List the prime factors of 1093980921.
3, 11, 127, 261031
What are the prime factors of 257790048?
2, 3, 29, 31, 103
What are the prime factors of 2592743?
317, 8179
What are the prime factors of 783529507?
17, 46089971
List the prime factors of 1743080521.
7, 13, 479, 39989
List the prime factors of 45411695.
5, 7, 1297477
List the prime factors of 5682581259.
3, 1894193753
What are the prime factors of 343780577?
7, 49111511
What are the prime factors of 238354591?
107, 167, 13339
List the prime factors of 22938520.
2, 5, 11, 37, 1409
List the prime factors of 1443283933.
7, 13, 109, 227, 641
List the prime factors of 41633051.
17, 71, 2029
What are the prime factors of 282739198?
2, 7, 41, 101, 4877
List the prime factors of 1302600